{"id":88121,"date":"2024-06-30T14:24:35","date_gmt":"2024-06-30T14:24:35","guid":{"rendered":"https:\/\/actionsaccreditives.ca\/?page_id=88121"},"modified":"2024-07-02T20:29:35","modified_gmt":"2024-07-02T18:29:35","slug":"88121-2","status":"publish","type":"page","link":"https:\/\/actionsaccreditives.ca\/?page_id=88121","title":{"rendered":"Calculatrice en ligne"},"content":{"rendered":"\n[et_pb_section fb_built=&#8221;1&#8243; custom_padding_last_edited=&#8221;on|phone&#8221; _builder_version=&#8221;4.25.1&#8243; _module_preset=&#8221;default&#8221; background_color=&#8221;#1f242c&#8221; background_image=&#8221;https:\/\/actionsaccreditives.ca\/wp-content\/uploads\/2024\/06\/solar-energy-5-bgt-16.webp&#8221; custom_margin=&#8221;0px||0px||false|false&#8221; custom_padding=&#8221;6px||120px||false|false&#8221; custom_padding_tablet=&#8221;120px||120px||false|false&#8221; custom_padding_phone=&#8221;90px||80px||false|false&#8221; global_colors_info=&#8221;{}&#8221;][et_pb_row _builder_version=&#8221;4.25.1&#8243; _module_preset=&#8221;default&#8221; hover_enabled=&#8221;0&#8243; global_colors_info=&#8221;{}&#8221; sticky_enabled=&#8221;0&#8243;][et_pb_column type=&#8221;4_4&#8243; _builder_version=&#8221;4.25.1&#8243; _module_preset=&#8221;default&#8221; hover_enabled=&#8221;0&#8243; global_colors_info=&#8221;{}&#8221; sticky_enabled=&#8221;0&#8243;][et_pb_text _builder_version=&#8221;4.25.1&#8243; _module_preset=&#8221;default&#8221; text_font_size=&#8221;91px&#8221; text_line_height=&#8221;1.8em&#8221; header_font_size=&#8221;27px&#8221; hover_enabled=&#8221;0&#8243; global_colors_info=&#8221;{}&#8221; custom_padding=&#8221;||0px|0px||&#8221; sticky_enabled=&#8221;0&#8243; custom_margin=&#8221;||-1px|||&#8221;]<p><span style=\"color: #ffffff;\"><strong>Calculatrice en ligne<\/strong><\/span><\/p>[\/et_pb_text][et_pb_text _builder_version=&#8221;4.25.1&#8243; _module_preset=&#8221;default&#8221; text_text_color=&#8221;#FFFFFF&#8221; text_font_size=&#8221;36px&#8221; text_line_height=&#8221;2em&#8221; header_text_color=&#8221;#FFFFFF&#8221; hover_enabled=&#8221;0&#8243; global_colors_info=&#8221;{}&#8221; custom_padding=&#8221;0px||||false|false&#8221; sticky_enabled=&#8221;0&#8243; min_height=&#8221;60px&#8221;]<p style=\"padding-left: 40px;\"><strong><span style=\"color: #ed7200;\">L&#8217;impact des actions accr\u00e9ditives:<\/span> \u00e0 vous de le d\u00e9couvrir<\/strong><\/p>[\/et_pb_text][\/et_pb_column][\/et_pb_row][et_pb_row _builder_version=&#8221;4.25.1&#8243; _module_preset=&#8221;default&#8221; global_colors_info=&#8221;{}&#8221;][et_pb_column type=&#8221;4_4&#8243; _builder_version=&#8221;4.25.1&#8243; _module_preset=&#8221;default&#8221; global_colors_info=&#8221;{}&#8221;][\/et_pb_column][\/et_pb_row][\/et_pb_section]\n","protected":false},"excerpt":{"rendered":"<p>Calculatrice en ligneL&#8217;impact des actions accr\u00e9ditives: \u00e0 vous de le d\u00e9couvrir<\/p>\n","protected":false},"author":2,"featured_media":0,"parent":0,"menu_order":0,"comment_status":"closed","ping_status":"closed","template":"","meta":{"_et_pb_use_builder":"on","_et_pb_old_content":"","_et_gb_content_width":"","footnotes":""},"class_list":["post-88121","page","type-page","status-publish","hentry"],"_links":{"self":[{"href":"https:\/\/actionsaccreditives.ca\/index.php?rest_route=\/wp\/v2\/pages\/88121","targetHints":{"allow":["GET"]}}],"collection":[{"href":"https:\/\/actionsaccreditives.ca\/index.php?rest_route=\/wp\/v2\/pages"}],"about":[{"href":"https:\/\/actionsaccreditives.ca\/index.php?rest_route=\/wp\/v2\/types\/page"}],"author":[{"embeddable":true,"href":"https:\/\/actionsaccreditives.ca\/index.php?rest_route=\/wp\/v2\/users\/2"}],"replies":[{"embeddable":true,"href":"https:\/\/actionsaccreditives.ca\/index.php?rest_route=%2Fwp%2Fv2%2Fcomments&post=88121"}],"version-history":[{"count":5,"href":"https:\/\/actionsaccreditives.ca\/index.php?rest_route=\/wp\/v2\/pages\/88121\/revisions"}],"predecessor-version":[{"id":88202,"href":"https:\/\/actionsaccreditives.ca\/index.php?rest_route=\/wp\/v2\/pages\/88121\/revisions\/88202"}],"wp:attachment":[{"href":"https:\/\/actionsaccreditives.ca\/index.php?rest_route=%2Fwp%2Fv2%2Fmedia&parent=88121"}],"curies":[{"name":"wp","href":"https:\/\/api.w.org\/{rel}","templated":true}]}}